{"id":508,"date":"2021-01-20T23:04:37","date_gmt":"2021-01-20T22:04:37","guid":{"rendered":"http:\/\/www.snepfsu-martinique.net\/?page_id=508"},"modified":"2021-01-20T23:57:09","modified_gmt":"2021-01-20T22:57:09","slug":"modele-de-demande-de-stage","status":"publish","type":"page","link":"https:\/\/www.snepfsu-martinique.net\/index.php\/modele-de-demande-de-stage\/","title":{"rendered":"Mod\u00e8le de demande de stage"},"content":{"rendered":"\n<p>Pour s\u2019inscrire recopier le mod\u00e8le de lettre ci dessous,<br>\u00e0 remettre \u00e0 votre chef d\u2019\u00e9tablissement&nbsp;un mois avant la date du stage.<\/p>\n\n\n\n<div style=\"height:90px\" aria-hidden=\"true\" class=\"wp-block-spacer\"><\/div>\n\n\n\n<p><strong>Nom \u2013 Pr\u00e9nom&nbsp;Grade et fonction<\/strong><br><strong>Etablissement ou service<\/strong><\/p>\n\n\n\n<p class=\"has-text-align-right\">\u00c0 l&rsquo;attention de M. le Recteur de l\u2019acad\u00e9mie de Martinique<br>s\/c de<\/p>\n\n\n\n<figure class=\"wp-block-table\"><table><tbody><tr><td class=\"has-text-align-left\" data-align=\"left\">Monsieur le Recteur,<br>Conform\u00e9ment aux dispositions pr\u00e9vues<br>\u2022&nbsp; \u00e0 l\u2019article 34 (7\u00e8) de la loi 84-16 du 11 janvier 1984, pour les fonctionnaires<br>\u2022&nbsp; \u00e0 l\u2019article 2 de la loi 82-997 du 23 novembre 1982 pour les agents non titulaires de l\u2019Etat, d\u00e9finissant l\u2019attribution des cong\u00e9s pour formation syndicale,<br>j\u2019ai l\u2019honneur de solliciter un cong\u00e9<br>Date&nbsp;:\u2026\u2026\u2026\u2026\u2026\u2026\u2026\u2026\u2026\u2026\u2026\u2026\u2026\u2026\u2026\u2026\u2026\u2026\u2026\u2026<br>pour participer \u00e0 un stage de formation syndicale.<br>Ce stage se d\u00e9roulera \u00e0&nbsp; : \u2026\u2026\u2026\u2026\u2026\u2026\u2026\u2026\u2026\u2026\u2026\u2026\u2026\u2026\u2026\u2026\u2026\u2026\u2026\u2026\u2026\u2026\u2026\u2026\u2026\u2026.<br>Il est organis\u00e9 par le SNEP, sous l\u2019\u00e9gide du Centre National de Formation Syndicale de la F.S.U, organisme agr\u00e9\u00e9 figurant sur la liste des centres dont les stages ou sessions ouvrent droit aux cong\u00e9s pour la formation syndicale (arr\u00eat\u00e9 du 29.12.1999 publi\u00e9 au J.O. du 6 Janvier 2000).<\/td><\/tr><\/tbody><\/table><\/figure>\n\n\n\n<p>Fait&nbsp;\u00e0&#8230;&#8230;&#8230;&#8230;&#8230;&#8230;&#8230;, le&#8230;&#8230;.\/&#8230;&#8230;&#8230;\/&#8230;&#8230;&#8230;&#8230;&#8230;&#8230;&#8230;<\/p>\n\n\n\n<p class=\"has-text-align-right\">Signature<\/p>\n\n\n\n<p>T\u00e9l\u00e9chargez le document word > <a href=\"http:\/\/www.snepfsu-martinique.net\/wp-content\/uploads\/2021\/01\/Fiches-de-demande-de-stage-syndical.docx\"><img decoding=\"async\" loading=\"lazy\" width=\"128\" height=\"128\" class=\"wp-image-548\" style=\"width: 30px;\" src=\"http:\/\/www.snepfsu-martinique.net\/wp-content\/uploads\/2021\/01\/logo_brand_brands_logos_word-128.png\" alt=\"\"><\/a><\/p>\n","protected":false},"excerpt":{"rendered":"<p>Pour s\u2019inscrire recopier le mod\u00e8le de lettre ci dessous,\u00e0 remettre \u00e0 votre chef d\u2019\u00e9tablissement&nbsp;un mois avant la date du stage.<\/p>\n","protected":false},"author":1,"featured_media":0,"parent":0,"menu_order":0,"comment_status":"closed","ping_status":"closed","template":"","meta":{"_bbp_topic_count":0,"_bbp_reply_count":0,"_bbp_total_topic_count":0,"_bbp_total_reply_count":0,"_bbp_voice_count":0,"_bbp_anonymous_reply_count":0,"_bbp_topic_count_hidden":0,"_bbp_reply_count_hidden":0,"_bbp_forum_subforum_count":0},"_links":{"self":[{"href":"https:\/\/www.snepfsu-martinique.net\/index.php\/wp-json\/wp\/v2\/pages\/508"}],"collection":[{"href":"https:\/\/www.snepfsu-martinique.net\/index.php\/wp-json\/wp\/v2\/pages"}],"about":[{"href":"https:\/\/www.snepfsu-martinique.net\/index.php\/wp-json\/wp\/v2\/types\/page"}],"author":[{"embeddable":true,"href":"https:\/\/www.snepfsu-martinique.net\/index.php\/wp-json\/wp\/v2\/users\/1"}],"replies":[{"embeddable":true,"href":"https:\/\/www.snepfsu-martinique.net\/index.php\/wp-json\/wp\/v2\/comments?post=508"}],"version-history":[{"count":4,"href":"https:\/\/www.snepfsu-martinique.net\/index.php\/wp-json\/wp\/v2\/pages\/508\/revisions"}],"predecessor-version":[{"id":550,"href":"https:\/\/www.snepfsu-martinique.net\/index.php\/wp-json\/wp\/v2\/pages\/508\/revisions\/550"}],"wp:attachment":[{"href":"https:\/\/www.snepfsu-martinique.net\/index.php\/wp-json\/wp\/v2\/media?parent=508"}],"curies":[{"name":"wp","href":"https:\/\/api.w.org\/{rel}","templated":true}]}}