{"id":368,"date":"2020-12-16T19:26:45","date_gmt":"2020-12-16T18:26:45","guid":{"rendered":"http:\/\/www.snepfsu-martinique.net\/?page_id=368"},"modified":"2022-02-12T12:59:51","modified_gmt":"2022-02-12T11:59:51","slug":"rendez-vous-de-carriere","status":"publish","type":"page","link":"https:\/\/www.snepfsu-martinique.net\/index.php\/rendez-vous-de-carriere\/","title":{"rendered":"Rendez-vous de carri\u00e8re des profs EPS"},"content":{"rendered":"\n<div class=\"is-layout-flex wp-block-buttons\">\n<div class=\"wp-block-button\"><a class=\"wp-block-button__link\" href=\"https:\/\/lesite.snepfsu.fr\/ma-carriere\/evaluation-avancement-et-remuneration\/agreges-deps\/rv-de-carriere-agrege\/rendez-vous-de-carriere-tout-savoir\/\">Tout savoir sur le rendez-vous de carri\u00e8re<\/a><\/div>\n<\/div>\n\n\n\n<h2>Pour le rendez-vous de carri\u00e8re, la profession a son mot \u00e0 dire !<\/h2>\n\n\n\n<p>Dans le protocole PPCR mis en place en 2017, les enseignants b\u00e9n\u00e9ficient de&nbsp;<strong>3 rendez-vous de carri\u00e8re \u00e0 des moments fixes<\/strong>&nbsp;: au 6\u00e8me (dans la 2\u00e8me ann\u00e9e), au 8\u00e8me (entre 18 et 30 mois) et au 9\u00e8me \u00e9chelon (dans la 2\u00e8me ann\u00e9e).<br>Actuellement au&nbsp;<strong>6\u00e8me, 8\u00e8me ou 9\u00e8me \u00e9chelon<\/strong>, vous recevez ce mail afin de vous donner les diff\u00e9rentes \u00e9tapes.<br>Ces rendez-vous de carri\u00e8re donnent lieu \u00e0 l\u2019\u00e9laboration d\u2019un compte rendu. Il y a plusieurs mod\u00e8les de compte rendus pr\u00e9vus r\u00e9glementairement pour tenir compte des diff\u00e9rentes situations professionnelles (2nd degr\u00e9, sup\u00e9rieur, DD et DR UNSS\u2026).<\/p>\n\n\n\n<p>Sur le compte rendu, figure le positionnement sur les items ainsi que les appr\u00e9ciations des \u00e9valuateurs. Celui-ci est communiqu\u00e9 \u00e0 l\u2019agent par le biais d\u2019une notification dans l\u2019application&nbsp;<strong>SIAE<\/strong>, sur la messagerie professionnelle et&nbsp;<strong>I-prof<\/strong>.<\/p>\n\n\n\n<p>\u00c0 r\u00e9ception de ce compte rendu, vous pouvez formuler des observations dans le cadre r\u00e9serv\u00e9 \u00e0 cet effet, durant un&nbsp;<strong>d\u00e9lai de 2 semaines<\/strong>.<\/p>\n\n\n\n<p>C\u2019est une nouveaut\u00e9 de PPCR, vous pouvez, une fois connue l\u2019appr\u00e9ciation finale du rendez-vous de carri\u00e8re,&nbsp;<strong>la contester<\/strong>. Cette ann\u00e9e, vous devriez donc avoir re\u00e7u votre appr\u00e9ciation finale au maximum le&nbsp;<strong>15 septembre 2021<\/strong>. Rappelons qu\u2019avant PPCR, apr\u00e8s une inspection, nous ne pouvions rien contester.<\/p>\n\n\n\n<p>Vous pouvez former un recours gracieux par \u00e9crit en vue de demander la r\u00e9vision de votre appr\u00e9ciation finale&nbsp;<strong>dans un d\u00e9lai de 30 jours francs<\/strong>, suivant la notification de cette derni\u00e8re.<\/p>\n\n\n\n<h2>Recours<\/h2>\n\n\n\n<p><strong>Pour les professeurs d\u2019EPS<\/strong>&nbsp;:<\/p>\n\n\n\n<ul><li><strong>Envoi du recours<\/strong>&nbsp;<strong>soit par voie postale<\/strong>&nbsp;(cachet de la poste faisant foi) : Rectorat d\u2019acad\u00e9mie d\u2019affectation \u2013 D\u00e9partement des Personnels<\/li><li><strong>soit par courriel<\/strong>&nbsp;: courriel acad\u00e9mique (l\u2019administration ne devrait faire d\u2019accus\u00e9 de r\u00e9ception, se mettre en copie de l\u2019envoi du mail)<\/li><\/ul>\n\n\n\n<p>Le recteur dispose alors de&nbsp;<strong>30 jours francs<\/strong>&nbsp;pour vous r\u00e9pondre. L\u2019ann\u00e9e derni\u00e8re, le rectorat avait r\u00e9pondu \u00e0 la quasi-totalit\u00e9 des recours.<br>Apr\u00e8s cette r\u00e9ponse du rectorat, vous disposerez de&nbsp;<strong>30 jours maximum<\/strong>&nbsp;pour saisir la CAP concern\u00e9e de votre contestation et demande de r\u00e9vision d\u2019appr\u00e9ciation finale<strong>. Aucune contestation ne sera examin\u00e9e en CAPA si la premi\u00e8re contestation n\u2019a pas \u00e9t\u00e9 effectu\u00e9e.<\/strong><\/p>\n\n\n\n<p>Si le recteur r\u00e9pond d\u00e9favorablement, c\u2019est \u00e0 partir de la notification de cette r\u00e9ponse que vous aurez alors&nbsp;<strong>30 jours francs pour renouveler la contestation<\/strong>.<\/p>\n\n\n\n<h2><strong>Exemple<\/strong>&nbsp;<\/h2>\n\n\n\n<p>Pour une r\u00e9ception au&nbsp;<strong>15 septembre<\/strong>&nbsp;de l\u2019appr\u00e9ciation finale&nbsp;:<\/p>\n\n\n\n<ul><li>Vous avez jusqu\u2019au&nbsp;<strong>14 octobre<\/strong>&nbsp;pour contester cette appr\u00e9ciation,<\/li><li>Vous envoyez le recours de contestation le&nbsp;<strong>26 septembre,<\/strong><\/li><li>Le recteur a jusqu\u2019au&nbsp;<strong>25 octobre&nbsp;<\/strong>pour vous r\u00e9pondre,<\/li><li>Si vous n\u2019avez pas de r\u00e9ponse du rectorat ou une r\u00e9ponse d\u00e9favorable, alors vous aurez jusqu\u2019au&nbsp;<strong>24 novembre<\/strong>&nbsp;pour saisir la CAPA.<\/li><\/ul>\n\n\n\n<p>Il n\u2019y a pas de courrier type pour contester son appr\u00e9ciation finale. Si vous aviez \u00e0 la contester, prenez contact avec&nbsp;le&nbsp;<strong>SNEP-FSU acad\u00e9mique<\/strong>&nbsp;pour les professeurs d\u2019<strong>EPS<\/strong>, qui pourra vous aider.<\/p>\n\n\n\n<p>Les points de contestation peuvent \u00eatre un d\u00e9calage entre les appr\u00e9ciations des \u00e9valuateurs et l\u2019appr\u00e9ciation finale, une non-prise en compte de l\u2019ensemble des activit\u00e9s men\u00e9es dans votre appr\u00e9ciation, etc.<\/p>\n\n\n\n<p>Le rectorat, par la complexit\u00e9 de la proc\u00e9dure, tente de d\u00e9courager les coll\u00e8gues de demander une r\u00e9vision. En cas de d\u00e9saccord, il ne faut surtout pas h\u00e9siter \u00e0 se lancer dans cette proc\u00e9dure de contestation.<br>En effet, nombre de coll\u00e8gues ont obtenu satisfaction l\u2019ann\u00e9e derni\u00e8re dans leur contestation.<\/p>\n\n\n\n<p>Le SNEP-FSU et ses commissaires paritaires acad\u00e9miques seront l\u00e0 pour vous renseigner, vous aider, vous accompagner si vous contestiez votre appr\u00e9ciation.<br>Transmettez-nous \u00e0&nbsp;<strong>corpo-academie@snepfsu.net.<\/strong>&nbsp;une copie de votre lettre de contestation pour que nous puissions d\u00e9fendre votre demande lors de la Commission Administrative Paritaire Acad\u00e9mique&nbsp;!<br>CAPA qui est une des derni\u00e8res que nous conservons.<\/p>\n\n\n\n<p>L\u2019examen des recours par la CAPA des professeurs d\u2019EPS ne se tiendrait, sous toutes r\u00e9serves, pas avant le janvier 2022.<\/p>\n\n\n\n<h2>Fiche syndicale Rendez-Vous de Carri\u00e8re 2020-21<\/h2>\n\n\n\n<div class=\"is-layout-flex wp-block-buttons\">\n<div class=\"wp-block-button\"><a class=\"wp-block-button__link\" href=\"https:\/\/lesite.snepfsu.fr\/wp-content\/uploads\/2021\/09\/fiche_saisie_CAP_RDVC_2020_211.pdf\">T\u00e9l\u00e9chargez<\/a><\/div>\n<\/div>\n\n\n\n<p><\/p>\n","protected":false},"excerpt":{"rendered":"<p>Pour le rendez-vous de carri\u00e8re, la profession a son mot \u00e0 dire ! Dans le protocole PPCR mis en place<\/p>\n","protected":false},"author":1,"featured_media":0,"parent":0,"menu_order":0,"comment_status":"closed","ping_status":"closed","template":"","meta":{"_bbp_topic_count":0,"_bbp_reply_count":0,"_bbp_total_topic_count":0,"_bbp_total_reply_count":0,"_bbp_voice_count":0,"_bbp_anonymous_reply_count":0,"_bbp_topic_count_hidden":0,"_bbp_reply_count_hidden":0,"_bbp_forum_subforum_count":0},"_links":{"self":[{"href":"https:\/\/www.snepfsu-martinique.net\/index.php\/wp-json\/wp\/v2\/pages\/368"}],"collection":[{"href":"https:\/\/www.snepfsu-martinique.net\/index.php\/wp-json\/wp\/v2\/pages"}],"about":[{"href":"https:\/\/www.snepfsu-martinique.net\/index.php\/wp-json\/wp\/v2\/types\/page"}],"author":[{"embeddable":true,"href":"https:\/\/www.snepfsu-martinique.net\/index.php\/wp-json\/wp\/v2\/users\/1"}],"replies":[{"embeddable":true,"href":"https:\/\/www.snepfsu-martinique.net\/index.php\/wp-json\/wp\/v2\/comments?post=368"}],"version-history":[{"count":4,"href":"https:\/\/www.snepfsu-martinique.net\/index.php\/wp-json\/wp\/v2\/pages\/368\/revisions"}],"predecessor-version":[{"id":1385,"href":"https:\/\/www.snepfsu-martinique.net\/index.php\/wp-json\/wp\/v2\/pages\/368\/revisions\/1385"}],"wp:attachment":[{"href":"https:\/\/www.snepfsu-martinique.net\/index.php\/wp-json\/wp\/v2\/media?parent=368"}],"curies":[{"name":"wp","href":"https:\/\/api.w.org\/{rel}","templated":true}]}}