{"id":105,"date":"2020-12-10T14:23:12","date_gmt":"2020-12-10T13:23:12","guid":{"rendered":"http:\/\/www.snepfsu-martinique.net\/?page_id=105"},"modified":"2022-02-04T22:57:24","modified_gmt":"2022-02-04T21:57:24","slug":"du-mouvement-intra","status":"publish","type":"page","link":"https:\/\/www.snepfsu-martinique.net\/index.php\/du-mouvement-intra\/","title":{"rendered":"Du mouvement INTRA"},"content":{"rendered":"\n<p>Le mouvement intra acad\u00e9mique 2019 s\u2019est caract\u00e9ris\u00e9 par la poursuite de la disparition de tout cadre national.<br>Ainsi, chaque recteur a red\u00e9fini ou non le bar\u00e8me et les r\u00e8gles du mouvement intra de sa propre acad\u00e9mie engendrant l\u2019in\u00e9galit\u00e9 de traitement de m\u00eames situations selon les acad\u00e9mies.<br>La comparaison des barres d\u2019entr\u00e9e d\u00e9partementales entre les acad\u00e9mies s\u2019av\u00e8re donc caduque car il serait n\u00e9cessaire d\u2019\u00eatre en mesure de reconstruire son propre bar\u00e8me dans chacune d\u2019entre elles.<br>De plus, ces barres ne sont indicatives que pour le seul mouvement 2020 : en effet, le nombre de postes offerts au mouvement intra, la d\u00e9finition variable des bonifications intra, le nombre de demandeurs potentiels avec leurs bar\u00e8mes propres sont les 3 dimensions qui d\u00e9terminent la fluidit\u00e9 des mutations et donc la hauteur des barres d\u2019entr\u00e9e.<\/p>\n\n\n\n<ul><li><strong>Barres d\u2019entr\u00e9e inter &amp; intra-acad\u00e9mique 2020 :\u00a0<a href=\"https:\/\/lesite.snepfsu.fr\/ma-carriere\/mutations\/mutations-intra\/mutations-bilan-intra-2020\/\" target=\"_blank\" rel=\"noreferrer noopener\">CLIQUEZ ICI<\/a><\/strong><\/li><\/ul>\n\n\n\n<p><\/p>\n","protected":false},"excerpt":{"rendered":"<p>Le mouvement intra acad\u00e9mique 2019 s\u2019est caract\u00e9ris\u00e9 par la poursuite de la disparition de tout cadre national.Ainsi, chaque recteur a<\/p>\n","protected":false},"author":1,"featured_media":0,"parent":0,"menu_order":0,"comment_status":"closed","ping_status":"closed","template":"","meta":{"_bbp_topic_count":0,"_bbp_reply_count":0,"_bbp_total_topic_count":0,"_bbp_total_reply_count":0,"_bbp_voice_count":0,"_bbp_anonymous_reply_count":0,"_bbp_topic_count_hidden":0,"_bbp_reply_count_hidden":0,"_bbp_forum_subforum_count":0},"_links":{"self":[{"href":"https:\/\/www.snepfsu-martinique.net\/index.php\/wp-json\/wp\/v2\/pages\/105"}],"collection":[{"href":"https:\/\/www.snepfsu-martinique.net\/index.php\/wp-json\/wp\/v2\/pages"}],"about":[{"href":"https:\/\/www.snepfsu-martinique.net\/index.php\/wp-json\/wp\/v2\/types\/page"}],"author":[{"embeddable":true,"href":"https:\/\/www.snepfsu-martinique.net\/index.php\/wp-json\/wp\/v2\/users\/1"}],"replies":[{"embeddable":true,"href":"https:\/\/www.snepfsu-martinique.net\/index.php\/wp-json\/wp\/v2\/comments?post=105"}],"version-history":[{"count":4,"href":"https:\/\/www.snepfsu-martinique.net\/index.php\/wp-json\/wp\/v2\/pages\/105\/revisions"}],"predecessor-version":[{"id":1304,"href":"https:\/\/www.snepfsu-martinique.net\/index.php\/wp-json\/wp\/v2\/pages\/105\/revisions\/1304"}],"wp:attachment":[{"href":"https:\/\/www.snepfsu-martinique.net\/index.php\/wp-json\/wp\/v2\/media?parent=105"}],"curies":[{"name":"wp","href":"https:\/\/api.w.org\/{rel}","templated":true}]}}